{"id":170,"date":"2024-05-29T13:25:09","date_gmt":"2024-05-29T13:25:09","guid":{"rendered":"https:\/\/festival.routerb.ro\/?page_id=170"},"modified":"2025-08-15T12:36:42","modified_gmt":"2025-08-15T12:36:42","slug":"program_festival","status":"publish","type":"page","link":"https:\/\/festivalultrufelor.ro\/index.php\/program_festival\/","title":{"rendered":"Program_Festival"},"content":{"rendered":"<p>[et_pb_section fb_built=&#8221;1&#8243; admin_label=&#8221;Header&#8221; _builder_version=&#8221;4.25.1&#8243; background_color=&#8221;#002d4c&#8221; use_background_color_gradient=&#8221;on&#8221; background_color_gradient_stops=&#8221;rgba(0,17,38,0.9) 0%|rgba(0,17,38,0.9) 100%&#8221; background_color_gradient_overlays_image=&#8221;on&#8221; background_color_gradient_start=&#8221;rgba(0,17,38,0.9)&#8221; background_color_gradient_end=&#8221;rgba(0,17,38,0.9)&#8221; background_image=&#8221;https:\/\/festivalultrufelor.ro\/wp-content\/uploads\/2024\/05\/Food-Photography-Food-Styling-Canon-Food-Blogger-Anisa-Sabet.jpg&#8221; custom_padding=&#8221;2vw||7vw||false|false&#8221; locked=&#8221;off&#8221; global_colors_info=&#8221;{}&#8221;][et_pb_row custom_padding_last_edited=&#8221;on|phone&#8221; _builder_version=&#8221;4.25.1&#8243; custom_padding=&#8221;||77px|||&#8221; custom_padding_tablet=&#8221;||77px|||&#8221; custom_padding_phone=&#8221;||13px||false|false&#8221; global_colors_info=&#8221;{}&#8221;][et_pb_column type=&#8221;4_4&#8243; _builder_version=&#8221;4.16&#8243; global_colors_info=&#8221;{}&#8221;][et_pb_text _builder_version=&#8221;4.27.4&#8243; text_font=&#8221;Cabin||||||||&#8221; text_text_color=&#8221;rgba(85,101,112,0.8)&#8221; text_font_size=&#8221;16px&#8221; text_line_height=&#8221;1.8em&#8221; header_font=&#8221;Playfair Display|700|||||||&#8221; header_font_size=&#8221;5vw&#8221; header_3_font=&#8221;Cabin|700||on|||||&#8221; header_3_text_color=&#8221;#bd8f52&#8243; header_3_font_size=&#8221;13px&#8221; header_3_letter_spacing=&#8221;3px&#8221; header_3_line_height=&#8221;1.4em&#8221; background_layout=&#8221;dark&#8221; width_tablet=&#8221;&#8221; width_phone=&#8221;&#8221; width_last_edited=&#8221;on|phone&#8221; max_width=&#8221;100%&#8221; max_width_tablet=&#8221;90%&#8221; max_width_phone=&#8221;100%&#8221; max_width_last_edited=&#8221;on|phone&#8221; min_height_tablet=&#8221;&#8221; min_height_phone=&#8221;&#8221; min_height_last_edited=&#8221;on|phone&#8221; custom_margin=&#8221;||2vw||false|false&#8221; header_text_align_tablet=&#8221;&#8221; header_text_align_phone=&#8221;center&#8221; header_text_align_last_edited=&#8221;on|phone&#8221; header_font_size_tablet=&#8221;5vw&#8221; header_font_size_phone=&#8221;8vw&#8221; header_font_size_last_edited=&#8221;on|phone&#8221; header_letter_spacing_tablet=&#8221;&#8221; header_letter_spacing_phone=&#8221;&#8221; header_letter_spacing_last_edited=&#8221;on|phone&#8221; header_line_height_tablet=&#8221;&#8221; header_line_height_phone=&#8221;1.2em&#8221; header_line_height_last_edited=&#8221;on|phone&#8221; header_3_text_align_tablet=&#8221;&#8221; header_3_text_align_phone=&#8221;center&#8221; header_3_text_align_last_edited=&#8221;on|phone&#8221; header_3_font_size_tablet=&#8221;13px&#8221; header_3_font_size_phone=&#8221;12px&#8221; header_3_font_size_last_edited=&#8221;on|phone&#8221; header_3_letter_spacing_tablet=&#8221;3px&#8221; header_3_letter_spacing_phone=&#8221;3px&#8221; header_3_letter_spacing_last_edited=&#8221;on|phone&#8221; header_3_line_height_tablet=&#8221;1.4em&#8221; header_3_line_height_phone=&#8221;1.4em&#8221; header_3_line_height_last_edited=&#8221;on|phone&#8221; module_alignment_tablet=&#8221;&#8221; module_alignment_phone=&#8221;&#8221; module_alignment_last_edited=&#8221;on|phone&#8221; locked=&#8221;off&#8221; global_colors_info=&#8221;{}&#8221;]<\/p>\n<h3 style=\"text-align: center;\">\u00a0Festivalul Trufelor &#8211; Edi\u021bia 2025<\/h3>\n<h3 style=\"text-align: center;\"><strong><span style=\"font-size: xx-large;\">Program Detaliat<\/span><\/strong><\/h3>\n<p>[\/et_pb_text][\/et_pb_column][\/et_pb_row][et_pb_row custom_padding_last_edited=&#8221;on|phone&#8221; _builder_version=&#8221;4.25.1&#8243; background_color=&#8221;#002d4c&#8221; background_enable_image=&#8221;off&#8221; z_index=&#8221;10&#8243; width_tablet=&#8221;&#8221; width_phone=&#8221;93%&#8221; width_last_edited=&#8221;on|phone&#8221; max_width_tablet=&#8221;&#8221; max_width_phone=&#8221;&#8221; max_width_last_edited=&#8221;on|phone&#8221; custom_margin_tablet=&#8221;0px|auto||auto|false|false&#8221; custom_margin_phone=&#8221;|auto||auto|false|false&#8221; custom_margin_last_edited=&#8221;on|phone&#8221; custom_padding=&#8221;50px|122px|50px|122px|true|true&#8221; custom_padding_tablet=&#8221;40px|30px|40px|30px|true|true&#8221; custom_padding_phone=&#8221;20px|23px|20px|23px|true|true&#8221; module_alignment_tablet=&#8221;&#8221; module_alignment_phone=&#8221;center&#8221; module_alignment_last_edited=&#8221;on|phone&#8221; locked=&#8221;off&#8221; global_colors_info=&#8221;{}&#8221;][et_pb_column type=&#8221;4_4&#8243; _builder_version=&#8221;4.16&#8243; global_colors_info=&#8221;{}&#8221;][et_pb_text _builder_version=&#8221;4.25.1&#8243; text_font=&#8221;Cabin||||||||&#8221; text_text_color=&#8221;rgba(255,255,255,0.8)&#8221; text_font_size=&#8221;16px&#8221; text_line_height=&#8221;1.8em&#8221; header_2_font=&#8221;Playfair Display|700|||||||&#8221; header_2_text_color=&#8221;#ffffff&#8221; header_2_font_size=&#8221;36px&#8221; header_2_line_height=&#8221;1.1em&#8221; header_3_font=&#8221;Cabin|700||on|||||&#8221; header_3_text_color=&#8221;#bd8f52&#8243; header_3_font_size=&#8221;13px&#8221; header_3_letter_spacing=&#8221;3px&#8221; header_3_line_height=&#8221;1.4em&#8221; background_layout=&#8221;dark&#8221; max_width=&#8221;100%&#8221; max_width_tablet=&#8221;90%&#8221; max_width_last_edited=&#8221;off|phone&#8221; custom_margin=&#8221;||2vw||false|false&#8221; text_font_tablet=&#8221;Cabin||||||||&#8221; text_font_phone=&#8221;Cabin||||||||&#8221; text_font_last_edited=&#8221;on|phone&#8221; text_font_size_tablet=&#8221;15px&#8221; text_font_size_phone=&#8221;14px&#8221; text_font_size_last_edited=&#8221;on|phone&#8221; header_2_font_size_tablet=&#8221;&#8221; header_2_font_size_phone=&#8221;32px&#8221; header_2_font_size_last_edited=&#8221;on|phone&#8221; locked=&#8221;off&#8221; global_colors_info=&#8221;{}&#8221;]<\/p>\n<section id=\"qxhreyfbwijgfrtsjbfolbtscdksrnhbzzjp\" class=\"brz-section brz-css-rFeTS\">\n<div class=\"brz-section__content brz-section--boxed brz-css-fMrqd\" data-brz-custom-id=\"mkrtmukrizqplkoxgaqvluatmgqgylxbiuqj\">\n<div class=\"brz-container brz-css-vPXRG\">\n<div id=\"\" class=\"brz-css-qw904 brz-wrapper\">\n<div class=\"brz-rich-text brz-rich-text__custom brz-css-vMKKj\" data-brz-custom-id=\"movlbjwcfhlzpiyayzygsbxlglphkblopttb\">\n<div data-brz-translate-text=\"1\"><\/div>\n<div data-brz-translate-text=\"1\">\n<table width=\"559\">\n<tbody>\n<tr>\n<td colspan=\"3\" width=\"559\" style=\"text-align: center;\">PROGRAM SCENA MARE<\/td>\n<\/tr>\n<tr>\n<td colspan=\"3\" style=\"text-align: center;\">VINERI 01 AUGUST 2025<\/td>\n<\/tr>\n<tr>\n<td colspan=\"2\">14:00<\/td>\n<td>DESCHIDEREA OFICIAL\u0102 &#8211; ORGANIZATORI &#8211; Prezentatori &#8211; Oficialitati\u00a0<\/td>\n<\/tr>\n<tr>\n<td>14:30<\/td>\n<td>16:00<\/td>\n<td>\u00a0Stejareii Cajvana<\/td>\n<\/tr>\n<tr>\n<td>\u00a0<\/td>\n<td>\u00a0<\/td>\n<td>\u00a0Dor Bucovinean &#8211; Botosana<\/td>\n<\/tr>\n<tr>\n<td>16:00<\/td>\n<td>19:00<\/td>\n<td>\u00a0Ansambluri copii (muzica&amp;dans&amp;solisti)<\/td>\n<\/tr>\n<tr>\n<td>19:00<\/td>\n<td>20:00<\/td>\n<td>Depestrada<\/td>\n<\/tr>\n<tr>\n<td>20:00<\/td>\n<td>21:00<\/td>\n<td>Tudi &amp; live band<\/td>\n<\/tr>\n<tr>\n<td>21:00<\/td>\n<td>22:00<\/td>\n<td>\u00a0AMNA\u00a0<\/td>\n<\/tr>\n<tr>\n<td>22:00<\/td>\n<td>23:00<\/td>\n<td>\u00a0Trupa Noua<\/td>\n<\/tr>\n<tr>\n<td>23:00<\/td>\n<td>\u00a0<\/td>\n<td>\u00a0After Party DJ SPIKE<\/td>\n<\/tr>\n<\/tbody>\n<\/table>\n<p style=\"text-align: justify;\">\n<p style=\"text-align: justify;\">\n<p style=\"text-align: justify;\">\n<table width=\"552\">\n<tbody>\n<tr>\n<td colspan=\"3\" width=\"552\" style=\"text-align: center;\">PROGRAM SCENA MARE<\/td>\n<\/tr>\n<tr>\n<td colspan=\"3\" style=\"text-align: center;\">S\u00c2MB\u0102T\u0102\u00a0 02 AUGUST 2025<\/td>\n<\/tr>\n<tr>\n<td colspan=\"2\">10:00<\/td>\n<td>Deschidere Festival<\/td>\n<\/tr>\n<tr>\n<td>11:00<\/td>\n<td>12:00<\/td>\n<td>\u00a0Ansambluri copii<\/td>\n<\/tr>\n<tr>\n<td>12:00<\/td>\n<td>14:00<\/td>\n<td>\u00a0DJ SPIKE<\/td>\n<\/tr>\n<tr>\n<td>14:00<\/td>\n<td>15:00<\/td>\n<td>\u00a0Ansamblul Folcloric P\u0103dure\u021bu<\/td>\n<\/tr>\n<tr>\n<td>15:00<\/td>\n<td>16:00<\/td>\n<td>\u00a0DJ SPIKE<\/td>\n<\/tr>\n<tr>\n<td>16:00<\/td>\n<td>16:30<\/td>\n<td>\u00a0Liliana Ursachi<\/td>\n<\/tr>\n<tr>\n<td>16:30<\/td>\n<td>18:00<\/td>\n<td>\u00a0DJ SPIKE<\/td>\n<\/tr>\n<tr>\n<td>18:00<\/td>\n<td>18:30<\/td>\n<td>\u00a0M\u0103linarii<\/td>\n<\/tr>\n<tr>\n<td>18:30<\/td>\n<td>20:00<\/td>\n<td>Herra&amp;lory\/Suspect\/Gruya\/Jhazo<\/td>\n<\/tr>\n<tr>\n<td>20:00<\/td>\n<td>21:00<\/td>\n<td>\u00a0Voicu Saxofon<\/td>\n<\/tr>\n<tr>\n<td>21:00<\/td>\n<td>22:00<\/td>\n<td>\u00a0F CHARM\u00a0<\/td>\n<\/tr>\n<tr>\n<td>22:00<\/td>\n<td>23:00<\/td>\n<td>\u00a0Raluca Radu<\/td>\n<\/tr>\n<tr>\n<td>23:00<\/td>\n<td><\/td>\n<td>\u00a0After Party DJ SPIKE<\/td>\n<\/tr>\n<\/tbody>\n<\/table>\n<p style=\"text-align: justify;\">\n<p style=\"text-align: justify;\">\n<p style=\"text-align: justify;\">\n<table width=\"552\">\n<tbody>\n<tr>\n<td colspan=\"3\" width=\"552\" style=\"text-align: center;\">PROGRAM SCENA MARE<\/td>\n<\/tr>\n<tr>\n<td colspan=\"3\" style=\"text-align: center;\">DUMINIC\u0102 03 AUGUST 2025<\/td>\n<\/tr>\n<tr>\n<td colspan=\"2\">10:00<\/td>\n<td>Deschidere Festival<\/td>\n<\/tr>\n<tr>\n<td>11:00<\/td>\n<td>12:00<\/td>\n<td>\u00a0Ansambluri copii<\/td>\n<\/tr>\n<tr>\n<td>12:00<\/td>\n<td>14:00<\/td>\n<td>\u00a0DJ SPIKE<\/td>\n<\/tr>\n<tr>\n<td>14:00<\/td>\n<td>14:30<\/td>\n<td>\u00a0Eliza Hechelciug<\/td>\n<\/tr>\n<tr>\n<td>14:30<\/td>\n<td>15:30<\/td>\n<td>\u00a0DJ SPIKE<\/td>\n<\/tr>\n<tr>\n<td>15:30<\/td>\n<td>16:00<\/td>\n<td>\u00a0Concurs ie<\/td>\n<\/tr>\n<tr>\n<td>16:00<\/td>\n<td>17:00<\/td>\n<td>\u00a0DJ SPIKE<\/td>\n<\/tr>\n<tr>\n<td>17:00<\/td>\n<td>18:00<\/td>\n<td>\u00a0Concurs gatit<\/td>\n<\/tr>\n<tr>\n<td>18:00<\/td>\n<td>19:00<\/td>\n<td>Chavo\/Herra\/Teodor<\/td>\n<\/tr>\n<tr>\n<td>19:00<\/td>\n<td>20:00<\/td>\n<td>\u00a0Laura Olteanu<\/td>\n<\/tr>\n<tr>\n<td>20:00<\/td>\n<td>21:00<\/td>\n<td>\u00a0DJ Razvan<\/td>\n<\/tr>\n<tr>\n<td>21:00<\/td>\n<td>22:00<\/td>\n<td>\u00a0Ionela Guzic<\/td>\n<\/tr>\n<tr>\n<td>22:00<\/td>\n<td>23:00<\/td>\n<td>\u00a0Friends<\/td>\n<\/tr>\n<tr>\n<td>23:00<\/td>\n<td><\/td>\n<td>\u00a0After Party DJ<\/td>\n<\/tr>\n<\/tbody>\n<\/table>\n<p style=\"text-align: justify;\">\n<p style=\"text-align: justify;\">\n<p style=\"text-align: justify;\">\n<table width=\"483\">\n<tbody>\n<tr>\n<td colspan=\"2\" width=\"483\" style=\"text-align: center;\">PROGRAM SCENA URBAN\u0102(Depestrad\u0103)<\/td>\n<\/tr>\n<tr>\n<td colspan=\"2\" style=\"text-align: center;\">VINERI 01 AUGUST 2025<\/td>\n<\/tr>\n<tr>\n<td rowspan=\"9\">16:00 &#8211; 23:00<\/td>\n<td>Deschidere Festival<\/td>\n<\/tr>\n<tr>\n<td>LANNIX<\/td>\n<\/tr>\n<tr>\n<td>KJELEU<\/td>\n<\/tr>\n<tr>\n<td>SICO<\/td>\n<\/tr>\n<tr>\n<td>SUSPECT + GEORGIANA<\/td>\n<\/tr>\n<tr>\n<td>HERRA + LORY<\/td>\n<\/tr>\n<tr>\n<td>TEODOR<\/td>\n<\/tr>\n<tr>\n<td>ANDRW \u2013 dj set\u00a0<\/td>\n<\/tr>\n<tr>\n<td>EXTAZ \u2013 dj set<\/td>\n<\/tr>\n<\/tbody>\n<\/table>\n<table width=\"488\">\n<tbody>\n<tr>\n<td colspan=\"2\" width=\"488\" style=\"text-align: center;\">PROGRAM SCENA URBAN\u0102(Depestrad\u0103)<\/td>\n<\/tr>\n<tr>\n<td colspan=\"2\" style=\"text-align: center;\">S\u00c2MB\u0102T\u0102\u00a0 02 AUGUST 2025<\/td>\n<\/tr>\n<tr>\n<td rowspan=\"11\">16:00 &#8211; 23:00<\/td>\n<td>Deschidere Festival<\/td>\n<\/tr>\n<tr>\n<td>GRUYA<\/td>\n<\/tr>\n<tr>\n<td>KJELEU<\/td>\n<\/tr>\n<tr>\n<td>SUSPECT\u00a0<\/td>\n<\/tr>\n<tr>\n<td>HERRA + LORY<\/td>\n<\/tr>\n<tr>\n<td>CHAVO<\/td>\n<\/tr>\n<tr>\n<td>TEODOR<\/td>\n<\/tr>\n<tr>\n<td>GRUYA \u2013 dj set\u00a0<\/td>\n<\/tr>\n<tr>\n<td>TENGO &#8211; dj set<\/td>\n<\/tr>\n<tr>\n<td>EXTAZ \u2013 dj set<\/td>\n<\/tr>\n<tr>\n<td>ANDRW \u2013 dj set<\/td>\n<\/tr>\n<\/tbody>\n<\/table>\n<table width=\"488\">\n<tbody>\n<tr>\n<td colspan=\"2\" width=\"488\" style=\"text-align: center;\">PROGRAM SCENA URBAN\u0102(Depestrad\u0103)<\/td>\n<\/tr>\n<tr>\n<td colspan=\"2\" style=\"text-align: center;\">DUMINIC\u0102 03 AUGUST 2025<\/td>\n<\/tr>\n<tr>\n<td rowspan=\"8\">16:00 &#8211; 23:00<\/td>\n<td>Deschidere Festival<\/td>\n<\/tr>\n<tr>\n<td>SUSPECT + GEORGIANA<\/td>\n<\/tr>\n<tr>\n<td>HERRA + LORY<\/td>\n<\/tr>\n<tr>\n<td>SICO<\/td>\n<\/tr>\n<tr>\n<td>CHAVO<\/td>\n<\/tr>\n<tr>\n<td>TEODOR<\/td>\n<\/tr>\n<tr>\n<td>EXTAZ \u2013 dj set<\/td>\n<\/tr>\n<tr>\n<td>ANDRW \u2013 dj set<\/td>\n<\/tr>\n<\/tbody>\n<\/table>\n<p style=\"text-align: justify;\">\n<p style=\"text-align: justify;\">Ne g\u0103si\u021bi pe:<\/p>\n<p style=\"text-align: justify;\">\ud83d\udc49 Facebook: <a href=\"https:\/\/www.facebook.com\/festivalultrufelor%20\">https:\/\/www.facebook.com\/festivalultrufelor<\/a> <br \/>\ud83d\udc49 Instagram: <a href=\"https:\/\/www.instagram.com\/festivalultrufelor\">https:\/\/www.instagram.com\/festivalultrufelor<\/a><br \/>\ud83d\udc49 TikTok: <a href=\"https:\/\/www.tiktok.com\/@festivalul_trufelor\">https:\/\/www.tiktok.com\/@festivalul_trufelor<\/a><\/p>\n<p style=\"text-align: justify;\">\n<p style=\"text-align: justify;\">\n<\/div>\n<\/div>\n<\/div>\n<\/div>\n<\/div>\n<\/section>\n<p>[\/et_pb_text][\/et_pb_column][\/et_pb_row][\/et_pb_section][et_pb_section fb_built=&#8221;1&#8243; specialty=&#8221;on&#8221; custom_padding_last_edited=&#8221;on|phone&#8221; padding_top_1=&#8221;0px&#8221; padding_top_bottom_link_1=&#8221;false&#8221; padding_left_right_link_1=&#8221;false&#8221; padding_1_tablet=&#8221;&#8221; padding_2_tablet=&#8221;&#8221; padding_1_phone=&#8221;&#8221; padding_2_phone=&#8221;||0px||false|false&#8221; padding_1_last_edited=&#8221;on|phone&#8221; padding_2_last_edited=&#8221;on|phone&#8221; admin_label=&#8221;Footer&#8221; _builder_version=&#8221;4.25.1&#8243; background_color=&#8221;#bd8f52&#8243; width=&#8221;86%&#8221; width_tablet=&#8221;86%&#8221; width_phone=&#8221;100%&#8221; width_last_edited=&#8221;on|phone&#8221; max_width_tablet=&#8221;&#8221; max_width_phone=&#8221;&#8221; max_width_last_edited=&#8221;on|phone&#8221; module_alignment=&#8221;right&#8221; inner_width_tablet=&#8221;&#8221; inner_width_phone=&#8221;&#8221; inner_width_last_edited=&#8221;on|phone&#8221; inner_max_width_tablet=&#8221;&#8221; inner_max_width_phone=&#8221;&#8221; inner_max_width_last_edited=&#8221;on|phone&#8221; min_height_tablet=&#8221;&#8221; min_height_phone=&#8221;&#8221; min_height_last_edited=&#8221;on|phone&#8221; height=&#8221;346px&#8221; height_tablet=&#8221;346px&#8221; height_phone=&#8221;346px&#8221; height_last_edited=&#8221;on|phone&#8221; max_height_tablet=&#8221;&#8221; max_height_phone=&#8221;474px&#8221; max_height_last_edited=&#8221;on|phone&#8221; custom_margin=&#8221;-60px||22px||false|false&#8221; custom_margin_tablet=&#8221;0px||22px||false|false&#8221; custom_margin_phone=&#8221;||1px||false|false&#8221; custom_margin_last_edited=&#8221;on|phone&#8221; custom_padding=&#8221;30px||||false|false&#8221; custom_padding_tablet=&#8221;30px||||false|false&#8221; custom_padding_phone=&#8221;7px||0px||false|false&#8221; module_alignment_tablet=&#8221;right&#8221; module_alignment_phone=&#8221;center&#8221; module_alignment_last_edited=&#8221;on|phone&#8221; locked=&#8221;off&#8221; global_colors_info=&#8221;{}&#8221;][et_pb_column type=&#8221;1_2&#8243; _builder_version=&#8221;4.16&#8243; custom_padding=&#8221;|||&#8221; global_colors_info=&#8221;{}&#8221; custom_padding__hover=&#8221;|||&#8221;][et_pb_text content_tablet=&#8221;<\/p>\n<h2>Fii gata pentru o experien\u021b\u0103 de neuitat!<\/h2>\n<p>&#8221; content_phone=&#8221;<\/p>\n<h2 style=%22text-align: center;%22>Fii gata pentru o experien\u021b\u0103 de neuitat!<\/h2>\n<p>&#8221; content_last_edited=&#8221;on|phone&#8221; _builder_version=&#8221;4.27.4&#8243; text_font=&#8221;Cabin||||||||&#8221; text_font_size=&#8221;16px&#8221; text_line_height=&#8221;1.8em&#8221; header_2_font=&#8221;Playfair Display|700|||||||&#8221; header_2_font_size=&#8221;56px&#8221; header_2_line_height=&#8221;1.1em&#8221; header_3_font=&#8221;Cabin|700||on|||||&#8221; header_3_text_color=&#8221;#bd8f52&#8243; header_3_font_size=&#8221;13px&#8221; header_3_letter_spacing=&#8221;3px&#8221; header_3_line_height=&#8221;1.4em&#8221; background_layout=&#8221;dark&#8221; max_width=&#8221;500px&#8221; max_width_tablet=&#8221;90%&#8221; max_width_phone=&#8221;100%&#8221; max_width_last_edited=&#8221;off|desktop&#8221; custom_margin=&#8221;26px|0px|||false|false&#8221; text_font_size_tablet=&#8221;15px&#8221; text_font_size_phone=&#8221;14px&#8221; text_font_size_last_edited=&#8221;on|phone&#8221; header_text_align_tablet=&#8221;&#8221; header_text_align_phone=&#8221;center&#8221; header_text_align_last_edited=&#8221;on|phone&#8221; header_2_font_size_tablet=&#8221;44px&#8221; header_2_font_size_phone=&#8221;21px&#8221; header_2_font_size_last_edited=&#8221;on|phone&#8221; header_2_letter_spacing_tablet=&#8221;&#8221; header_2_letter_spacing_phone=&#8221;&#8221; header_2_letter_spacing_last_edited=&#8221;on|phone&#8221; header_2_line_height_tablet=&#8221;1.1em&#8221; header_2_line_height_phone=&#8221;1.1em&#8221; header_2_line_height_last_edited=&#8221;on|phone&#8221; locked=&#8221;off&#8221; global_colors_info=&#8221;{}&#8221; header_2_2_font_size_phone=&#8221;32px&#8221; header_3_2_font_size_phone=&#8221;32px&#8221; header_4_2_font_size_phone=&#8221;32px&#8221; header_5_2_font_size_phone=&#8221;32px&#8221; header_6_2_font_size_phone=&#8221;32px&#8221; header_2_2_font_size_tablet=&#8221;44px&#8221; header_3_2_font_size_tablet=&#8221;44px&#8221; header_4_2_font_size_tablet=&#8221;44px&#8221; header_5_2_font_size_tablet=&#8221;44px&#8221; header_6_2_font_size_tablet=&#8221;44px&#8221; header_2_2_font_size_last_edited=&#8221;on|tablet&#8221; header_3_2_font_size_last_edited=&#8221;on|tablet&#8221; header_4_2_font_size_last_edited=&#8221;on|tablet&#8221; header_5_2_font_size_last_edited=&#8221;on|tablet&#8221; header_6_2_font_size_last_edited=&#8221;on|tablet&#8221;]<\/p>\n<h2>Fii gata pentru o experien\u021b\u0103 de neuitat!<\/h2>\n<p>[\/et_pb_text][\/et_pb_column][et_pb_column type=&#8221;1_2&#8243; specialty_columns=&#8221;2&#8243; _builder_version=&#8221;4.16&#8243; custom_padding=&#8221;|||&#8221; global_colors_info=&#8221;{}&#8221; custom_padding__hover=&#8221;|||&#8221;][et_pb_row_inner custom_padding_last_edited=&#8221;on|phone&#8221; _builder_version=&#8221;4.25.1&#8243; width_tablet=&#8221;&#8221; width_phone=&#8221;100%&#8221; width_last_edited=&#8221;on|phone&#8221; max_width_tablet=&#8221;&#8221; max_width_phone=&#8221;&#8221; max_width_last_edited=&#8221;on|phone&#8221; min_height_tablet=&#8221;&#8221; min_height_phone=&#8221;&#8221; min_height_last_edited=&#8221;on|phone&#8221; height_tablet=&#8221;&#8221; height_phone=&#8221;&#8221; height_last_edited=&#8221;on|phone&#8221; max_height_tablet=&#8221;&#8221; max_height_phone=&#8221;&#8221; max_height_last_edited=&#8221;on|phone&#8221; custom_margin_tablet=&#8221;&#8221; custom_margin_phone=&#8221;21px|0px|0px|0px|false|false&#8221; custom_margin_last_edited=&#8221;on|phone&#8221; custom_padding_tablet=&#8221;&#8221; custom_padding_phone=&#8221;0px|0px|0px|36px|false|false&#8221; module_alignment_tablet=&#8221;&#8221; module_alignment_phone=&#8221;center&#8221; module_alignment_last_edited=&#8221;on|phone&#8221; global_colors_info=&#8221;{}&#8221;][et_pb_column_inner saved_specialty_column_type=&#8221;1_2&#8243; _builder_version=&#8221;4.25.1&#8243; custom_padding_tablet=&#8221;&#8221; custom_padding_phone=&#8221;0px|0px|0px|0px|false|false&#8221; custom_padding_last_edited=&#8221;on|phone&#8221; global_colors_info=&#8221;{}&#8221;][et_pb_blurb use_icon=&#8221;on&#8221; font_icon=&#8221;&#xe065;||divi||400&#8243; icon_color=&#8221;#ffffff&#8221; image_icon_background_color=&#8221;#bd8f52&#8243; icon_placement=&#8221;left&#8221; image_icon_width=&#8221;16px&#8221; content_max_width=&#8221;1100px&#8221; _builder_version=&#8221;4.27.4&#8243; header_font=&#8221;Cabin|700||on|||||&#8221; header_text_color=&#8221;rgba(85,101,112,0.8)&#8221; header_font_size=&#8221;12px&#8221; header_letter_spacing=&#8221;2px&#8221; header_line_height=&#8221;0.3em&#8221; body_font=&#8221;Cabin|700|||||||&#8221; body_font_size=&#8221;16px&#8221; body_line_height=&#8221;1.3em&#8221; image_icon_custom_padding=&#8221;8px|8px|8px|8px|false|false&#8221; background_layout=&#8221;dark&#8221; custom_margin=&#8221;-10px||15px||false|false&#8221; hover_enabled=&#8221;0&#8243; body_font_size_tablet=&#8221;15px&#8221; body_font_size_phone=&#8221;14px&#8221; body_font_size_last_edited=&#8221;off|desktop&#8221; border_radii_image=&#8221;on|100%|100%|100%|100%&#8221; use_circle=&#8221;on&#8221; circle_color=&#8221;#bd8f52&#8243; locked=&#8221;off&#8221; global_colors_info=&#8221;{}&#8221; image_icon_background_color__sticky_enabled=&#8221;#7EBEC5&#8243; image_icon_background_color__sticky=&#8221;#7EBEC5&#8243; sticky_enabled=&#8221;0&#8243;][\/et_pb_blurb][et_pb_blurb title=&#8221;Viziteaz\u0103-ne&#8221; use_icon=&#8221;on&#8221; font_icon=&#8221;&#xe081;||divi||400&#8243; icon_color=&#8221;#ffffff&#8221; image_icon_background_color=&#8221;#bd8f52&#8243; icon_placement=&#8221;left&#8221; image_icon_width=&#8221;16px&#8221; content_max_width=&#8221;1100px&#8221; _builder_version=&#8221;4.25.1&#8243; header_font=&#8221;Cabin|700||on|||||&#8221; header_text_color=&#8221;rgba(85,101,112,0.8)&#8221; header_font_size=&#8221;12px&#8221; header_letter_spacing=&#8221;2px&#8221; header_line_height=&#8221;0.3em&#8221; body_font=&#8221;Cabin|700|||||||&#8221; body_font_size=&#8221;16px&#8221; body_line_height=&#8221;1.3em&#8221; image_icon_custom_padding=&#8221;8px|8px|8px|8px|false|false&#8221; background_layout=&#8221;dark&#8221; custom_margin=&#8221;-10px||15px||false|false&#8221; custom_padding=&#8221;17px||17px||false|false&#8221; border_radii_image=&#8221;on|100%|100%|100%|100%&#8221; use_circle=&#8221;on&#8221; circle_color=&#8221;#bd8f52&#8243; locked=&#8221;off&#8221; global_colors_info=&#8221;{}&#8221; image_icon_background_color__sticky_enabled=&#8221;#7EBEC5&#8243; image_icon_background_color__sticky=&#8221;#7EBEC5&#8243;]<\/p>\n<p>Cacica, Bucovina<\/p>\n<p>[\/et_pb_blurb][et_pb_blurb title=&#8221;Trimite-ne un email&#8221; use_icon=&#8221;on&#8221; font_icon=&#8221;&#xe076;||divi||400&#8243; icon_color=&#8221;#ffffff&#8221; image_icon_background_color=&#8221;#bd8f52&#8243; icon_placement=&#8221;left&#8221; image_icon_width=&#8221;16px&#8221; content_max_width=&#8221;1100px&#8221; _builder_version=&#8221;4.25.1&#8243; header_font=&#8221;Cabin|700||on|||||&#8221; header_text_color=&#8221;rgba(85,101,112,0.8)&#8221; header_font_size=&#8221;12px&#8221; header_letter_spacing=&#8221;2px&#8221; header_line_height=&#8221;0.3em&#8221; body_font=&#8221;Cabin|700|||||||&#8221; body_font_size=&#8221;16px&#8221; body_line_height=&#8221;1.3em&#8221; image_icon_custom_padding=&#8221;8px|8px|8px|8px|false|false&#8221; background_layout=&#8221;dark&#8221; custom_margin=&#8221;-10px||15px||false|false&#8221; border_radii_image=&#8221;on|100%|100%|100%|100%&#8221; use_circle=&#8221;on&#8221; circle_color=&#8221;#bd8f52&#8243; locked=&#8221;off&#8221; global_colors_info=&#8221;{}&#8221; image_icon_background_color__sticky_enabled=&#8221;#7EBEC5&#8243; image_icon_background_color__sticky=&#8221;#7EBEC5&#8243;]<\/p>\n<p><strong>contact@festivalultrufelor.ro<\/strong><\/p>\n<p>[\/et_pb_blurb][\/et_pb_column_inner][\/et_pb_row_inner][\/et_pb_column][\/et_pb_section]<\/p>\n","protected":false},"excerpt":{"rendered":"<p>\u00a0Festivalul Trufelor &#8211; Edi\u021bia 2025 Program Detaliat PROGRAM SCENA MARE VINERI 01 AUGUST 2025 14:00 DESCHIDEREA OFICIAL\u0102 &#8211; ORGANIZATORI &#8211; Prezentatori &#8211; Oficialitati\u00a0 14:30 16:00 \u00a0Stejareii Cajvana \u00a0 \u00a0 \u00a0Dor Bucovinean &#8211; Botosana 16:00 19:00 \u00a0Ansambluri copii (muzica&amp;dans&amp;solisti) 19:00 20:00 Depestrada 20:00 21:00 Tudi &amp; live band 21:00 22:00 \u00a0AMNA\u00a0 22:00 23:00 \u00a0Trupa Noua 23:00 [&hellip;]<\/p>\n","protected":false},"author":1,"featured_media":0,"parent":0,"menu_order":0,"comment_status":"closed","ping_status":"closed","template":"","meta":{"_et_pb_use_builder":"on","_et_pb_old_content":"","_et_gb_content_width":"","footnotes":""},"class_list":["post-170","page","type-page","status-publish","hentry"],"_links":{"self":[{"href":"https:\/\/festivalultrufelor.ro\/index.php\/wp-json\/wp\/v2\/pages\/170","targetHints":{"allow":["GET"]}}],"collection":[{"href":"https:\/\/festivalultrufelor.ro\/index.php\/wp-json\/wp\/v2\/pages"}],"about":[{"href":"https:\/\/festivalultrufelor.ro\/index.php\/wp-json\/wp\/v2\/types\/page"}],"author":[{"embeddable":true,"href":"https:\/\/festivalultrufelor.ro\/index.php\/wp-json\/wp\/v2\/users\/1"}],"replies":[{"embeddable":true,"href":"https:\/\/festivalultrufelor.ro\/index.php\/wp-json\/wp\/v2\/comments?post=170"}],"version-history":[{"count":23,"href":"https:\/\/festivalultrufelor.ro\/index.php\/wp-json\/wp\/v2\/pages\/170\/revisions"}],"predecessor-version":[{"id":996,"href":"https:\/\/festivalultrufelor.ro\/index.php\/wp-json\/wp\/v2\/pages\/170\/revisions\/996"}],"wp:attachment":[{"href":"https:\/\/festivalultrufelor.ro\/index.php\/wp-json\/wp\/v2\/media?parent=170"}],"curies":[{"name":"wp","href":"https:\/\/api.w.org\/{rel}","templated":true}]}}